tor of a and j?
30
Let c(d) = -4*d**3. Let x be c(-1). Let a be 2 - (-3 + 5 - 0). Suppose a*t + 80 = x*t. Calculate the greatest common factor of 220 and t.
20
Let k(r) = 2*r**2 - 3*r + 17. Let i be k(-5). Let c = i + -71. Calculate the greatest common divisor of 1 and c.
1
Suppose 0 = -12*j + 8*j + 20. Suppose -4*u = 12, -u - 38 = -j*b + 40. Calculate the highest common divisor of 9 and b.
3
Suppose -47 = 6*a + 13. Let o be (3 - 8)*((-112)/a)/(-4). Calculate the greatest common divisor of o and 14.
14
Let c = 34 + -23. Suppose -4*u - 21 = -c*u. Let f(d) = 3*d - 1. Let i be f(u). Calculate the highest common factor of i and 72.
8
Let r be (-28)/(-112) - (-286)/8. Calculate the greatest common factor of 369 and r.
9
Let x(u) = -u**3 - 6*u**2 - 10*u - 1. Let b be x(-5). Let n be (-9)/b + (-198)/(-16). Calculate the greatest common divisor of n and 48.
12
Suppose y + 686 - 81 = 2*l, y + 301 = l. Calculate the greatest common divisor of l and 48.
16
Suppose 3*f + 40 = -y + 103, -3*y + 199 = -f. Let v be (4 - 132/42)/(1/7). Calculate the greatest common factor of v and y.
6
Let w = 43 + -38. Suppose 0 + 4 = -4*o. Let m be 3 + (-3 - -6) + o. What is the highest common factor of w and m?
5
Let m be (13 - 16)*58/(-3). Let t = -238 - m. Let k be (-1)/(t/98 - -3). Calculate the highest common divisor of k and 7.
7
Suppose 256*j + 4*w = 258*j - 1062, -4*j - w = -2097. What is the greatest common factor of 75 and j?
75
Let l be -1 + (5 - 4)*1. Suppose -3*u - a + 8 = l, 5*u + 3*a = -0*a + 8. Suppose 14 = u*m - 2. Calculate the greatest common factor of 4 and m.
4
Let n be (-4)/((-24)/(-15) + -2). Let i be n + 2 + (-1)/1. Suppose 35 + 229 = 8*w. What is the greatest common factor of i and w?
11
Let r(w) = 4*w**2 - 46*w - 18. Let x be r(15). What is the greatest common divisor of 48 and x?
48
Let w be -8 + 11 + -1 + 964. Suppose 3*t - w = -126. Calculate the highest common divisor of t and 28.
28
Let i be (-366)/(-54) + (-4)/(-18). Suppose 3*p - 40 = -i*p. Suppose -4*g - 100 = -9*g. What is the highest common factor of g and p?
4
Suppose 20 = 4*n, -5*d = -n - 113 - 12. Calculate the highest common divisor of 2 and d.
2
Let l(a) = -a**3 + 8*a**2 + 4*a - 1. Let i be l(6). Suppose -9*z - i = -14*z. What is the highest common factor of 133 and z?
19
Let v(h) = -h**2 - 10*h - 9. Let t be v(-8). Let u(k) = 27*k**3 + k**2 + 2*k - 2. Let f be u(1). What is the highest common divisor of t and f?
7
Let f = 47 + -40. Let b(g) = -g**3 + g**2 + g + 1. Let o be b(-3). Let j = -6 + o. Calculate the highest common factor of f and j.
7
Suppose 3*x - 51 = -4*d, x + 3*x - 40 = -3*d. Calculate the highest common factor of 116 and d.
4
Suppose 4*n + 92 = 2*i, i = -14*n + 9*n + 11. What is the greatest common divisor of i and 24?
12
Let a be -6*(-5)/10 + 9 - 4. Let o be 30/18*(-2 - -14). Calculate the greatest common factor of o and a.
4
Let i = -202 - -203. Suppose -4*n - 10 = -3*r - 0, 0 = -5*n - 5. Calculate the highest common divisor of i and r.
1
Let n be (2/8 - 1)*-24. Let a = -1092 - -471. Let w be (a/(-92))/((-47)/24 - -2). Calculate the highest common factor of n and w.
18
Suppose 2*u + 67 = 5*u + 2*k, -u = -4*k + 1. Calculate the highest common factor of u and 19.
19
Let g = 9 + 7. Suppose -6*q = b - 24, -2 = 4*q + 2*b - 18. Calculate the highest common divisor of q and g.
4
Suppose -229 = -29*k + 3. What is the highest common factor of 3 and k?
1
Let y(p) = 3*p**2 + 73*p + 58. Let k be y(-26). Calculate the highest common divisor of k and 235.
47
Let f = 1745 + -1641. Calculate the highest common factor of 416 and f.
104
Suppose 0 = 14*d - 23*d + 585. What is the greatest common factor of 13 and d?
13
Suppose -f + 2*f = 21. Let b = 38 - f. What is the greatest common divisor of 34 and b?
17
Let r = -58 + 100. Suppose -2 = 7*p - 6*p, 4*i + 90 = 3*p. Let q = r + i. Calculate the highest common divisor of q and 12.
6
Let d(x) be the first derivative of -x**3/3 + 7*x**2 + 7*x - 9. Let l be d(8). What is the greatest common divisor of 5 and l?
5
Let a(o) = 10*o - 234. Let d be a(24). Calculate the highest common factor of 8 and d.
2
Suppose 20*y - 33 = 9*y. What is the greatest common divisor of 93 and y?
3
Suppose -n - 5*m + 27 = 4, 4*n + 2*m - 38 = 0. Calculate the greatest common divisor of n and 324.
4
Suppose -3*a + 212 = 5*m, -2*a + 76 = 2*m - 3*a. Let x(b) = 2*b - 4. Let z be x(5). Suppose z*u - m = u. Calculate the greatest common factor of u and 48.
8
Suppose 2*u - 5*i = 48, 4*i - 8 = 6*i. What is the greatest common divisor of 182 and u?
14
Let u(f) = f**3 - 8*f**2 - 9*f - 7. Let c be u(9). Let m = 11 + c. Let z = -40 + 52. What is the highest common factor of m and z?
4
Suppose 3*n - 80 = -0*n - v, 4*v = -2*n + 60. Suppose 287 = 22*i - 285. Calculate the highest common factor of n and i.
26
Let c(p) = -4*p**2 + 5*p**2 + 26 + p + 20. Let t be c(0). Suppose -80 = -b + t. What is the greatest common divisor of b and 18?
18
Suppose 4 = -2*k, 5*b - 4*k - 20 = 18. Suppose -u = -b*j + 3*j - 51, -2*u + 99 = -5*j. Suppose 2*h + 12 = 4*h. Calculate the highest common divisor of h and u.
6
Let o be (6 + -8)*(-100 - (-16)/(-4)). What is the greatest common factor of o and 13?
13
Let r = -21 + 34. Suppose -8*b = -10*b + 4, -4*b + 112 = 4*t. What is the highest common divisor of t and r?
13
Suppose 2*a + 45 = -y, 7*y + 150 = 3*y - 2*a. Let z = -21 - y. Let p = z - 11. Calculate the greatest common divisor of p and 6.
3
Let h(l) = 10*l - 38. Let d be h(4). Suppose c = -d*w + 224, -5*w - c - 546 = -10*w. Calculate the highest common factor of w and 22.
22
Let b = 23 - 22. Let y = 11 - 8. Suppose 0 = -y*c + 2*l + l + 9, -2*c = -4*l + 4. Calculate the highest common factor of b and c.
1
Let x(r) = -15 - 5*r**2 - r**3 + 5*r - 4*r**2 + r**2. Let t be x(-9). What is the highest common factor of 7 and t?
7
Suppose -16*y = 4*y - 2700. Calculate the greatest common factor of 216 and y.
27
Let u be (1170/75 - 10)/(2/20). Calculate the greatest common factor of u and 434.
14
Let n = 15 - 8. Let k = -37 + 124. Suppose -2*z + m - 6*m = -k, -193 = -3*z + 5*m. What is the highest common divisor of n and z?
7
Suppose -2*s - 3*u = -0 - 35, 0 = s - 5*u - 11. Let t = 19 + 16. Let j be (-1 + -9)*(84/t + -4). What is the highest common divisor of j and s?
16
Let f(q) = 56*q + 1. Let d(s) = -s + 1. Let r be d(0). Let z be f(r). Let k be (-4)/(-8 - 750/(-95)). Calculate the highest common factor of z and k.
19
Let w be (-1)/3*(14 + -56). Let a(n) = -n + 48. Let f be a(w). Calculate the highest common factor of f and 51.
17
Let u = -25 - -17. Let m be (-3)/4 - (-2)/u. Let i be 93/9 + m/3. What is the greatest common divisor of 80 and i?
10
Let h = -6 - -7. Let c(l) = -l**3 - 13*l**2 - 14*l - 7. Let m be c(-12). Let q = m - h. What is the greatest common divisor of 112 and q?
16
Let d(k) = 45*k + 511. Let n be d(-11). Calculate the greatest common factor of 1616 and n.
16
Let c be (9 - 1372/(-7)) + 3. Suppose -2*b + u = 0, 0 = 3*b - 4*u + 12 - 2. Suppose -b*y + 4 = -48. Calculate the greatest common factor of y and c.
26
Suppose 6*x - 7*x = 3. Let a be 1 - (x + 0 + -5). Let z = -2 + 11. What is the highest common factor of a and z?
9
Suppose 624 = 3*v - 5*x, -5*v + 1040 = 3*x - 0*x. Suppose -85 = -4*b - 21. What is the highest common divisor of v and b?
16
Let c(k) = -2*k - 59 + 29 + 32. Let g be c(-9). Calculate the greatest common divisor of 30 and g.
10
Let l be 3 + (-5 - (-2 - 2)). Let w be 3/(-6)*((l - 0) + -32). What is the greatest common factor of 15 and w?
15
Let f = 371 + 573. Calculate the greatest common divisor of f and 177.
59
Let d = 23 - 10. Let o = -45 + 61. Suppose -q = -2*s - 0*q + 290, -4*q = o. Calculate the highest common divisor of d and s.
13
Let d(o) be the first derivative of -o**3/3 + 2*o**2 + o - 3. Let p be d(3). Suppose -49 = -p*y + 7. Calculate the greatest common factor of 126 and y.
14
Suppose -3*j = 2 - 8. Suppose j*b - 1 - 13 = 0. Let c = 54 - 33. What is the highest common factor of b and c?
7
Let s(h) = -h**2 + 27. Let o be s(0). Calculate the highest common divisor of 6 and o.
3
Suppose 0 = -0*h + 4*h - 204. Suppose 4*l - h = 29. What is the greatest common divisor of l and 70?
10
Let m(z) = 2*z**2 - 33*z - 18. Let f be m(18). Let j = f - 20. What is the great